+ 17. Let p = -9 + u. Calculate the greatest common divisor of i and p.
11
Let n = 4 + 1. Let y be (-5 + (-20)/8)*20/(-3). Let s = y + -45. What is the greatest common factor of s and n?
5
Suppose 2*f + 100 = v, 4*f = v + f - 103. Let a be v*(-15)/(-6) + -3. Let y be (-1*1*29)/(-1). Calculate the greatest common divisor of a and y.
29
Suppose -56 - 120 = 4*b + r, -3*r = 4*b + 168. Let j = 57 + b. Let u be (-8)/(-4) - 1*-10. Calculate the highest common factor of u and j.
12
Suppose 0 = 4*c + 986 - 414. Let y = c - -341. What is the highest common divisor of y and 22?
22
Let x be -1538*3/(-2) + 5. What is the greatest common factor of x and 136?
136
Let g be 6/(-33) + (-466)/(-22). Suppose -2*h = o - 103, 5*o - o - 421 = h. What is the highest common factor of o and g?
21
Let u(w) = 12*w**2 - 2*w - 2. Suppose -7*y + 8 = -6. Let n be u(y). Calculate the highest common divisor of n and 6.
6
Let n be (17 - 18)*(1 - 16). Suppose -2*t + 207 - n = 0. Let m = t - 20. What is the highest common divisor of 19 and m?
19
Suppose 5*m - 2*h - 2216 = 0, -h = 15*m - 16*m + 445. What is the greatest common factor of m and 78?
26
Let x be ((21692/(-55))/29)/((-2)/20). Let u = 17 + -11. Let c = 23 - u. What is the highest common factor of c and x?
17
Suppose 0 = -2*k + 4*f - 6*f + 954, -1894 = -4*k + 3*f. What is the greatest common factor of 25 and k?
25
Suppose 21 = d + 2*d. Let r = -4 + d. Suppose r*q = y - 64, 0 = 2*q - 6*q + 8. What is the greatest common divisor of y and 10?
10
Let m be 96/624 + (-323)/(-13). What is the highest common factor of 900 and m?
25
Let d = 7 + -5. Suppose 2*s + d*s - 56 = 0. Calculate the highest common divisor of 35 and s.
7
Let i be (-2 - (4 + -5)) + 8. Suppose i*h + 0*h = 1050. Calculate the greatest common divisor of h and 60.
30
Let l = -199 - -241. Calculate the greatest common factor of 147 and l.
21
Suppose -3*q + 5*q + 5*o = 30, -5*o = -20. Suppose q*f - 203 + 128 = 0. Calculate the greatest common divisor of 9 and f.
3
Let x be 4 - (-20)/(-2) - -46. Calculate the highest common factor of 80 and x.
40
Suppose 10*i - 7*i = 30. Suppose i*a - x = 5*a + 135, 0 = -5*a + 2*x + 130. What is the greatest common divisor of a and 70?
14
Let i(u) = -2*u + 1. Let d(m) = 8*m - 4. Let s(q) = 6*d(q) + 22*i(q). Let y be s(3). Suppose 0 = 3*o - 0*o - 150. What is the highest common divisor of y and o?
10
Let w(d) = -10*d - 7. Let m be w(-2). Calculate the highest common factor of m and 169.
13
Let l(n) = 3*n**2 - 34*n + 113. Let i be l(4). Calculate the highest common factor of 650 and i.
25
Let w(l) be the second derivative of -2*l**3/3 - l**2/2 + 4*l. Suppose 11*j = 4*j - 7. Let q be w(j). What is the greatest common divisor of q and 21?
3
Let x = -10 - -28. What is the greatest common factor of x and 18?
18
Let z be 4 + -3 + 2 + (7 - -8). What is the greatest common factor of 324 and z?
18
Let j be 2/(-3) - (-33)/9. Suppose -7*v + 91 = 3*x - 5*v, 0 = -4*x - 5*v + 112. Calculate the highest common divisor of j and x.
3
Let h = 47 + -1. Suppose -3*b + 436 - h = 0. Calculate the greatest common divisor of b and 13.
13
Let d(a) = -2*a**3 - 3*a**2 - a - 40. Let f be d(-4). Calculate the highest common divisor of f and 704.
44
Let s be 95/15 - (-16)/24. What is the highest common factor of s and 63?
7
Suppose -16*v + 5*i - 21 = -18*v, -4 = -4*i. What is the highest common divisor of 440 and v?
8
Let b be 2/((-12)/2)*-3. Let l(r) be the second derivative of r**4/3 - r**3/6 + r**2/2 + 12*r. Let o be l(1). Calculate the highest common divisor of o and b.
1
Let b be (1936/(-88))/((-1)/11). What is the greatest common factor of b and 44?
22
Let b be (25/(-5))/(-5) - -17. Suppose -6*v + 54 = -b. What is the highest common factor of v and 156?
12
Let t(f) = 9*f + 4. Let z be t(2). Suppose -2*u + 4*a + 18 = -3*u, -20 = 4*a. Calculate the greatest common factor of u and z.
2
Suppose -800 = -71*h + 478. Suppose 4*o = 30 + 66. What is the greatest common divisor of h and o?
6
Let l be 6/(-2)*28/(-42). Let u be 1 - (-34)/((-6)/(-3)). Let h = u + -10. Calculate the highest common factor of h and l.
2
Let s = 301 - 295. Calculate the highest common factor of s and 165.
3
Suppose 4*d + 50 = o, 2*d + 91 + 29 = 3*o. Suppose 0 = 5*c + 144 + 131. Let v = 40 - c. Calculate the greatest common divisor of v and o.
19
Suppose -2*t - 12 = t. Let z be 90/(-27)*30/t. Suppose x = 4, 3*l - 3*x - 8 = z. Calculate the highest common factor of 135 and l.
15
Let i = -43 + 97. Let j = i + -38. Calculate the highest common factor of 24 and j.
8
Suppose 3*n - 19 + 53 = 5*g, -16 = -2*g + 2*n. Suppose -4*i - 71 = -5*i + 3*v, g*v = i - 67. What is the greatest common divisor of 7 and i?
7
Let y be ((-4)/(-12))/(1/48). Suppose -2*a + 22 + y = 0. Suppose -98 + 402 = 2*k. What is the greatest common factor of a and k?
19
Suppose 3*g + 5*t - 9 - 2 = 0, 4*t = -8. Suppose 0 = g*b - 5 - 9. Let s be (14/(-6) + b)*-81. Calculate the greatest common divisor of s and 3.
3
Let u = 440 + -400. Calculate the highest common factor of 25 and u.
5
Let d(s) = -s**3 - 4*s**2 + 15*s - 6. Let z be d(-7). Suppose -2*y + 0*y = -z. Calculate the greatest common factor of y and 3.
3
Suppose -4*m - m = 50. Let s be ((-32)/5)/(-2 - 16/m). Calculate the greatest common divisor of s and 176.
16
Let p = -49 - -93. Let w be (-3 + 51)*p/8. What is the greatest common factor of 24 and w?
24
Let t be (-31)/(-6) - 6/36. Suppose -19 = t*c + 11. Let h(s) = -11*s - 1. Let q be h(c). What is the highest common divisor of 13 and q?
13
Let r be ((-85)/10)/((-5)/(1070/1)). What is the greatest common factor of 17 and r?
17
Let n be (-46)/14 + 10/35 - -248. Calculate the highest common divisor of n and 105.
35
Let x be (-1 - 38)*(-2)/6. Suppose 0 = -4*t - 0*u + u + 48, t - 5 = 2*u. What is the highest common factor of x and t?
13
Let u(l) be the third derivative of -l**5/60 - 7*l**4/24 + 4*l**2. Let s be u(-4). Let j = -28 + 160. What is the greatest common divisor of j and s?
12
Let c = 77 + -73. Let t(z) = 9*z. Let w be t(4). Calculate the greatest common factor of c and w.
4
Let d = 24 - 20. Suppose 0 = d*g - 5*m - 275, -2*g + m = -93 - 52. Let w be (-30)/(-6 - -4 - -1). Calculate the greatest common factor of w and g.
15
Let m(o) = o**3 - 10*o**2 + 13*o - 9. Let i be m(8). Let w be 11/(i/(-27)) - -3*1. What is the highest common factor of w and 54?
6
Suppose -75*d + 40*d = -1925. What is the highest common factor of d and 33?
11
Let y = -204 + 546. Let s be y/26 - 18/117. What is the highest common factor of 130 and s?
13
Suppose k = -3*k - g + 93, -3*k + 4*g = -84. Let d = 17 + -9. Let z = -5 + d. Calculate the highest common factor of z and k.
3
Suppose 14*q = 225 + 27. What is the highest common divisor of q and 1098?
18
Let p be 9216/306 - (-4)/(-34). What is the greatest common factor of 6 and p?
6
Let s(u) = u - 8 - 2 + 3*u + 0. Let a be s(-7). Let d = -21 - a. What is the highest common factor of d and 68?
17
Let v = -2 - -1. Suppose -2*s + s + 4*l - 6 = 0, -5*l = 3*s - 16. Let b = s + v. What is the highest common factor of b and 2?
1
Let d be (-574)/(-4) + (0 - (-1)/2). What is the greatest common factor of 18 and d?
18
Let y(d) = d - 9. Let z be y(9). Suppose 0 = q - 0*f - 4*f - 4, z = 3*q + 5*f - 63. What is the highest common factor of 16 and q?
16
Let q(u) = -u**2 + 16*u + 33. Let o(a) = -a**2 + 16*a + 33. Let m(w) = -6*o(w) + 5*q(w). Let t be m(18). What is the highest common divisor of 9 and t?
3
Let r(z) = 4 + 7*z - 6 + z**2 + 4. Let j be r(-7). Suppose 5*o + 41 = j*h + 6, 2*o - 82 = -4*h. What is the highest common factor of h and 5?
5
Suppose 0 = -2*j - 5*a + 16, 4 = -3*j - 4*a + 28. Suppose l - 2*g = -0*g + 1, 4*l - 3*g - 4 = 0. What is the greatest common divisor of l and j?
1
Let a = -898 + 936. Calculate the highest common factor of a and 1178.
38
Let k(u) = -u**3 + 11*u**2 - 7*u + 21. Let h be k(7). Calculate the greatest common divisor of h and 24.
24
Let z be (2 + 0 + -2)/2. Suppose z = -p + 4 + 9. What is the highest common factor of p and 104?
13
Let t(r) = 2*r**3 - 6*r**2. Let m be t(4). Let o(w) = w**2 - 5*w - 6. Let l be o(7). Calculate the greatest common divisor of l and m.
8
Let c be (7 + (3 - 0))*11. Let i(m) = -m + 20. Let d be i(10). What is the highest common factor of c an